3, 13, 41
Suppose 24868*t - 313 = 24871*t - 2941. What are the prime factors of t?
2, 3, 73
List the prime factors of 5 - ((-135)/(-9) + -7668).
2, 7, 547
Let y(s) = -s**3 - 12*s**2 + 15*s + 41. Let b be y(-9). Let w = b - -387. What are the prime factors of w?
2, 5
Suppose -z + 555 = -3260. List the prime factors of z.
5, 7, 109
Let d(n) = -2 - n + 1 - 5. Let r be d(-9). List the prime factors of 1782/45*10/r.
2, 3, 11
Suppose 145276*l - 27488 = 145275*l. List the prime factors of l.
2, 859
Let u(m) = -338*m + 234*m - 58 + 290*m. What are the prime factors of u(6)?
2, 23
Let h be ((140/65)/(-7))/((-2)/13). Suppose 5 = -h*u + 15, 0 = b + 5*u - 640. What are the prime factors of b?
3, 5, 41
Let r(i) = -370*i - 53. Let v be r(-4). Let p = v + -733. What are the prime factors of p?
2, 347
Let u = -3053 + 5350. List the prime factors of u.
2297
Let j(c) = -c - 1. Let x(b) = -69*b**2 + 7*b + 8. Let m(a) = -14*j(a) - 2*x(a). Suppose -147*f = -149*f - 2. List the prime factors of m(f).
2, 17
Let m(x) = -7*x + x**3 + 3 - 15*x**2 - 11*x - 19. List the prime factors of m(18).
2, 79
Let z(d) = d**2 - 18*d - 7. Let r be z(19). Suppose -r*j + 4*j + 536 = 0. What are the prime factors of j?
67
Let c = 508 - 331. Let m = c + -114. What are the prime factors of m?
3, 7
Let g(l) = -6*l**3 - 2*l**2 - 62*l - 356. What are the prime factors of g(-5)?
2, 3, 109
Let h(w) = -14*w - 4. Let z be h(2). Let s = z - -36. Suppose -4*b = -4*g + 310 - 742, s*b + g - 417 = 0. What are the prime factors of b?
3, 5, 7
Suppose -234*w + 7918065 = -712089. List the prime factors of w.
13, 2837
Let j(k) = 278*k**2 - 16*k + 52. Let f be j(3). Suppose -w = 3*b - 1870, 4*b - 3*w = 2*w + f. List the prime factors of b.
2, 3, 13
Let x = 39 + -22. Suppose 13*s + 96 = x*s. What are the prime factors of s/(-16)*-21*2?
3, 7
What are the prime factors of 6/12 + 351183/14?
5, 29, 173
Let w(i) = 353*i**2 - 3*i - 2. Let p be w(-2). Suppose -g - 86*d - 9 = -82*d, -4*d = -3*g - 27. What are the prime factors of -1 + 8/12 - p/g?
157
Let v be 40/12 + 4/(-12). Suppose -v*s = -2*k + 4 - 0, -5*k = -5*s. List the prime factors of (-43)/(-5 + k/(-1)).
43
Let j(o) = -o + 8. Let n be j(3). Suppose -4*c - 392 = -w, -3*c = -n*c + 6. List the prime factors of w.
2, 101
Let c be 2645 - (-2 + -3) - (-1 + -1). Suppose 0 = -4*u - 8*u + c. List the prime factors of u.
13, 17
Suppose 35*o - 38*o + 11814 = 0. List the prime factors of o.
2, 11, 179
Let x = -15230 - -30648. What are the prime factors of x?
2, 13, 593
Suppose -21*n + 16*n = -5. Let p be (-111)/3*1/(n/1). Let k = 173 + p. What are the prime factors of k?
2, 17
Suppose 215717 = -396*j + 352*j + 1473105. What are the prime factors of j?
17, 41
Let o be (-58)/((-10)/15*-3). Let h = -26 - o. Suppose -4*y = -4*g - h*y + 181, g - 3*y = 37. List the prime factors of g.
2, 23
Suppose -3*r = -4*k + 21, -2*r = -4*k + 3*k + 9. List the prime factors of -1 - r - (-2884)/2.
2, 19
Suppose 4*c = 4*a + c - 6, 2*a = 4*c + 8. Suppose -3*x = 3*o - 39, a = -4*x + 3*x - 5. Let b = o + 49. What are the prime factors of b?
67
Let i(o) = 496*o**2 + 145*o - 16. What are the prime factors of i(5)?
13109
Suppose 3*t - 4*y = 40876, 52 = -3*y + 67. List the prime factors of t.
2, 3, 71
Suppose 2*o + c - 21469 = 0, 5*o = -141*c + 143*c + 53704. What are the prime factors of o?
2, 7, 13, 59
Suppose 10*l = 5*l + 40. Let a be l*1/2*1. Suppose a*f + 4*f = 240. What are the prime factors of f?
2, 3, 5
List the prime factors of (2688348/(-36))/(-13) - 15/(-9).
2, 13, 17
Let d(h) = -2*h**3 + 8*h**2 + 58*h + 5. What are the prime factors of d(-8)?
3, 359
Suppose -4*f = 4*m - 193812, 4*m - 139665 = 4*f + 54123. What are the prime factors of m?
2, 3, 5, 17, 19
Let v = -143 + 251. Suppose -24*o = 1430 + 658. Let p = v + o. List the prime factors of p.
3, 7
Let f = 211 - 141. Let y be 108/(-14)*f/(-15). What are the prime factors of 6/(y/3) - (-74)/4?
19
Suppose 114*n = 1538958 + 3459118 + 172964. List the prime factors of n.
2, 3, 5, 7
Let y(p) = 160*p**2 - 2*p - 1. Let i be y(-1). Let a = i - -11. Suppose 5*g = 43 + a. What are the prime factors of g?
43
Let j = 221 + -231. List the prime factors of (142/j)/(7/(-8 - 587)).
17, 71
Let h be 7/42 - 15221/(-6). Suppose 362 - h = 5*i. List the prime factors of i/(-4) + (-1)/(-4) - 1.
2, 3
Let b = -77 - -140. Let y = 68 - b. Let s(t) = 3*t**2 + 12. What are the prime factors of s(y)?
3, 29
Let v(d) = -d**3 - 12*d**2 - 10*d + 17. Let o be v(-11). Suppose 5*q - 4*c - 157 = 0, o - 43 = -q - 2*c. List the prime factors of q.
3, 11
Suppose -35*v + 100241 = 2*t - 32*v, -v + 150358 = 3*t. What are the prime factors of t?
50119
Let m = 1075 - 1506. List the prime factors of 42/21 - (-1 + m).
2, 7, 31
Suppose -13*n - 40872 + 48974 + 212976 = 0. What are the prime factors of n?
2, 11, 773
Suppose -5*t + 73789 = -h + 4*h, -5*t = -5*h - 73805. What are the prime factors of t?
14759
Suppose -286*a + 53*a = -3267359. What are the prime factors of a?
37, 379
Let l(u) = -3*u + 3. Let x be 1 + -4*(-4)/(-8). Let p be l(x). Let t = 8 - p. What are the prime factors of t?
2
What are the prime factors of 50016/3 + ((-8)/10)/((-88)/(-220))?
2, 5, 1667
Suppose -5*q - 61 = -2*v, 2*v - 4 - 37 = q. Suppose 2*i - 96 = -2*b, -3 = -3*i - v. What are the prime factors of 4/8*8 + b?
3, 19
Suppose g - 46350 = 3*q, 20*q - 231670 = -5*g + 25*q. List the prime factors of g.
2, 3, 7, 1103
Let m = 10003 + -9079. List the prime factors of m.
2, 3, 7, 11
Let w(a) = 165*a**2 - 3*a - 3. Let s = 387 + -384. What are the prime factors of w(s)?
3, 491
Let i(q) = 7*q + 0*q**2 + 4 - 3*q**3 - q**3 - 2*q + 2*q**2. Let o be i(-2). Suppose 33*a = o*a - 75. List the prime factors of a.
3, 5
Let f(d) = -2*d - 171. Let s be f(0). Let b = s - -253. What are the prime factors of (11 - 14) + 1 + b?
2, 5
Suppose -2882 = 20*b - 21*b + h, 4*h + 2873 = b. What are the prime factors of b?
5, 577
Let m(w) = w**3 + 14*w**2 + 14*w + 17. Let g be m(-13). Suppose -10*c + 6 = -g. Suppose c = -2*k + 139. List the prime factors of k.
3, 23
Let y = -118535 + 169248. List the prime factors of y.
13, 47, 83
Suppose -6*x + x = 4*h + 7, 0 = 5*x - 2*h + 19. Let m(f) = -33*f - 47. What are the prime factors of m(x)?
2, 13
Let x = -2845 - -5827. List the prime factors of x.
2, 3, 7, 71
Let c be 2/(-1)*((6 - 1) + -4). Let p be c/(-5)*20/8 - -3. Suppose -x = -2*l - 3*l + p, -3*x = 3*l - 42. List the prime factors of x.
11
Let i = 313 + -304. Suppose 42960 = 39*r - i*r. What are the prime factors of r?
2, 179
Let b(h) = -11 + 11*h + 2*h + 5*h + 11*h**2 - 11*h. What are the prime factors of b(7)?
577
Let o be -4*-1*(-3 + 4). Suppose -2*b + o*b = -3*r + 19, -3*b = r - 11. Suppose 0 = b*n + 65 - 347. What are the prime factors of n?
3, 47
Let c(g) = -g**2 + 18*g - 4. Let v = 11 + 6. Let p be c(v). Let k = p - 8. What are the prime factors of k?
5
Let t(g) = -2216*g**3 + 3*g - 9 + 2206*g**3 - 10*g**2 - 16*g. What are the prime factors of t(-3)?
2, 3, 5, 7
Suppose 0 = 5*b - 2*a - 149 - 235, 4*b - 321 = -3*a. Suppose b*h = 74*h + 548. List the prime factors of h.
137
Suppose 154406 + 120947 = 59*j. Suppose 10*o = 563 + j. What are the prime factors of o?
523
Let l = 707 - 687. Suppose l*b - 6281 = 9*b. What are the prime factors of b?
571
Let b(m) = m**3 + 2*m**2 - 1. Let a(u) = u**3 + 16*u**2 - 4*u + 43. Let h(g) = -a(g) + 5*b(g). List the prime factors of h(6).
2, 3, 13
Let q be (-1)/((-21)/(-6) - 3) - -8. Let z(v) = -v**3 + 5*v**2 + 7*v - 5. Let x be z(q). What are the prime factors of (425/10)/(x + 2/(-4))?
5, 17
Suppose -5*v - 3 + 13 = 0. Suppose 3*f - 808 = -g, -3*f + 1324 = v*f - 4*g. Let x = 459 - f. List the prime factors of x.
191
Let j(b) = b**3 - 38*b**2 + 135*b + 171. List the prime factors of j(40).
7, 179
Suppose j - 14 = -5*q + 2*j, 3*j = -4*q + 15. Suppose -p + 16 = q*p. What are the prime factors of 3 + 8 - p - -4?
11
List the prime factors of (-247)/(-39) + -5 - 40416/(-9).
2, 1123
Suppose 274 = z + 4*j - j, 5*z - 1348 = -4*j. Suppose 2*g + 764 = 3*w, -2*w - 4*g - z = -3*w. List the prime factors of w.
2, 3, 7
What are the prime factors of (48/(-4))/3 + (-14)/(196/(-501298))?
35803
Let r(i) = -6*i + 29. Let l be r(4). Suppose 3*m = -3*q + 1422, -613 = -l*m - 3*q + 1761. Suppose -13*b - b = -m. What are the